Let m = 48758 + -48666. Calculate the greatest common factor of b and m.
46
Let c(l) = 5*l**2 - 3 + 2 - l + 13*l**3 - 12*l**3. Let j be c(-5). Let v be ((-72)/(j - 0))/(3/(-2)). Calculate the highest common factor of 16 and v.
4
Suppose 0 = 5*b - 6*w + 2*w - 3233, w - 3248 = -5*b. Calculate the highest common divisor of 472 and b.
59
Suppose -3*c = -0*t - 5*t - 4582, 3*c - 4583 = 4*t. Calculate the highest common factor of 22 and c.
11
Suppose -9737 - 9633 + 7530 = -20*d. What is the highest common factor of 14 and d?
2
Suppose 15*w + 445 = 10*w + 3*l, 3*w + 268 = 2*l. Let p = w + 90. What is the highest common factor of 86 and p?
2
Let w = -6322 + 6323. Calculate the highest common factor of w and 167.
1
Let y = 14760 - 14452. What is the greatest common factor of y and 1716?
44
Suppose 291*y - 7644 = -73*y. Calculate the greatest common divisor of y and 93.
3
Let c(v) = -v + 38. Let k be c(9). Let z be k + -4*(3 - 11/4). What is the greatest common factor of z and 70?
14
Suppose -3*h - 4 = -5*h. Let g be 3164/8 - h/(-4). Suppose -27*r + g = -21*r. Calculate the highest common divisor of r and 12.
6
Let x be -5*(2/(-10 - 0) - 1). Calculate the highest common divisor of x and 1986.
6
Let i(q) = q**3 - 19*q**2 + 18*q + 3. Let p be i(18). Suppose 11*o - 392 = -p*o. Calculate the highest common factor of 476 and o.
28
Suppose -2300 = -2*a + 2*s, -105*a = -104*a + 4*s - 1175. What is the highest common factor of 120 and a?
15
Let p(z) be the second derivative of -1/10*z**5 - 1/2*z**4 + 8*z - 1/2*z**2 + 0 - z**3. Let l be p(-4). Calculate the greatest common divisor of 22 and l.
11
Suppose 3*t = -69 + 66, 3*j = -9*t + 81. What is the highest common divisor of 45270 and j?
30
Let t = 22 + -16. Suppose -650 = -t*h + h. Let v = 204 - 178. What is the highest common divisor of v and h?
26
Let w(a) = -18*a - 3. Let t be 0/10*(-2)/(-4). Suppose -4 = 4*r - t. Let j be w(r). What is the greatest common divisor of 105 and j?
15
Suppose 3*a - 7*a - 12 = 4*j, 0 = -j - 4*a. Let t = j + 11. What is the highest common divisor of 5 and t?
1
Let u(n) be the first derivative of -n**3/3 + 5*n**2 + 114*n - 92. Let g be u(15). What is the greatest common factor of 195 and g?
39
Let v be 2168/30 - (-39)/((-9945)/68). Calculate the greatest common factor of 174 and v.
6
Let d be -3 + 4*(-4)/(-8) + 4. Let u be (-10)/(-45)*3 - (-1999)/d. What is the greatest common factor of u and 23?
23
Let d be -1*1*-2*(0 + 1). Let z be 26/8 + d/(-8). Suppose 3*m - o = 44, 28 = 6*m - z*m - 5*o. What is the greatest common divisor of 16 and m?
16
Let n be -3*(-8 + 10) + -4*3065/(-10). Calculate the greatest common divisor of 80 and n.
20
Let d(s) = -s**3 + 24*s + 19. Suppose -4*q - 17 = b, 0*q = 4*q + 8. Let y be d(b). What is the highest common factor of 76 and y?
76
Let n be 288/10*(-1470)/(-392). Suppose 5*j - 545 = 175. What is the greatest common divisor of n and j?
36
Suppose -29*y + 20230 - 394 = 0. What is the highest common factor of y and 72?
36
Suppose 34*r = 36*r + 8, r = 3*i + 26. Let b(v) = -12*v - 4. Let d be b(i). Calculate the greatest common factor of d and 87.
29
Let c be (-3)/((-18)/(-60)) - 174/(-2). What is the greatest common divisor of c and 1239?
7
Let a(x) = -6*x + 232. Let k be a(37). Suppose -4*n - 3*t = -869, -8*n + k*n - 3*t = 457. Calculate the greatest common factor of 26 and n.
13
Suppose -22*y + 626 - 10 = 0. Suppose 148 = 9*n + 40. Calculate the highest common factor of y and n.
4
Let w = -562 + 730. Calculate the greatest common factor of w and 868.
28
Let f(p) = -p**2 - 11*p + 7. Let t be f(-7). Let m = 92 - 97. Let l be 1*(-3 - m) + 3*4. Calculate the highest common divisor of l and t.
7
Suppose -6 = -7*p + 5*p - 5*t, 0 = -5*p + 2*t + 15. Calculate the greatest common factor of 125 and p.
1
Suppose 2*l - 7 = 5*z + 6*l, 0 = 5*l + 15. Let k = 233 + -259. Let h be 4/k - 315/(-273). What is the greatest common divisor of h and z?
1
Let q(c) = 37*c**2 + 84*c + 4. Let b be q(2). Calculate the highest common factor of 1472 and b.
64
Let i be 2*(-3)/6 + (-1152)/(-9). Let h = i - 120. Let w(l) = l**2 - 8*l + 15. Let r be w(h). Calculate the highest common factor of r and 6.
2
Suppose 7260*t = 7252*t + 432. Calculate the greatest common divisor of t and 189.
27
Suppose -126 = -5*b - 3*o, -o + 58 = 4*b - 40. Let z = -50 + 110. Calculate the greatest common divisor of b and z.
12
Let w = 502 - 352. Let a be 105 + -1 - ((-3)/(-12))/(11/176). What is the greatest common divisor of w and a?
50
Let u = 89 - 84. Suppose 22 = u*b - 3. Suppose -v + 5 = 2*n - b, 2*v - 24 = -2*n. Calculate the highest common factor of 42 and v.
14
Suppose -455*l = -496*l + 1066. What is the highest common factor of 91 and l?
13
Let m = -28 - -66. Let w(c) = -4*c**2 + 26*c. Let n be w(7). Let p(j) = 2*j**2 + 26*j - 9. Let o be p(n). What is the highest common factor of o and m?
19
Let q be (1/2)/((-34)/(-14960)). Let o = 285 - q. Calculate the greatest common divisor of 5 and o.
5
Suppose 10*f = 13 + 47. Let m(s) = s**3 - 5*s**2 - 7*s + 12. Let r be m(f). Calculate the greatest common divisor of 12 and r.
6
Suppose 4*h + 13 = 10*h + 1. What is the greatest common factor of 1882 and h?
2
Let l = 720 + -705. Suppose 10*k - 1649 = 901. What is the greatest common factor of k and l?
15
Suppose 0 = -135*m + 8*m + 124206. Calculate the greatest common factor of 48 and m.
6
Let y = 28820 + -28649. Suppose 37 - 97 = -4*a. Suppose 3*z = -a, f = -0*z - 3*z + 4. Calculate the greatest common factor of f and y.
19
Let z(w) = -w**3 + 11*w**2 - 4*w + 2. Suppose -16 = -2*l - 2*y - 0*y, 3*l - 24 = -5*y. Let c be z(l). What is the highest common factor of 6 and c?
6
Suppose -9*l = 11*l + 34*l - 2592. What is the greatest common divisor of l and 1908?
12
Let m(k) be the second derivative of -2*k**2 + 0*k**3 - 7/20*k**5 - 1/3*k**4 - 4*k + 0. Let h be m(-2). What is the greatest common factor of h and 18?
18
Suppose 0 = -4*g - 4*u + 216, 32*g = 30*g + u + 90. What is the greatest common divisor of 2028 and g?
12
Let j = 26146 - 26104. Suppose 2*p + 116 = 3*p. Suppose -2*i + 94 = -p. What is the highest common factor of j and i?
21
Let f = 265 + 26. Suppose -2*q = -b - f, -27*b + 420 = 3*q - 23*b. What is the greatest common divisor of 96 and q?
48
Let l be 20 - 72/40*-5. What is the highest common factor of 10469 and l?
29
Suppose 0 = 3*c - 30 + 6. Let v = -6099 + 6111. Calculate the greatest common factor of c and v.
4
Suppose 205 = 3*k + 268. Let u(z) = -z**3 - 18*z**2 + 64*z + 37. Let h be u(k). What is the highest common factor of h and 10?
2
Suppose -215*y + 218*y - 5*v = 60500, -y = 2*v - 20152. What is the greatest common divisor of 30 and y?
30
Suppose -8*o - 4714 = -5066. What is the highest common factor of 96 and o?
4
Suppose 313*o - 30634 = -1161 + 122645. What is the greatest common factor of 5400 and o?
54
Let x be 262/4 - (72 + 8820/(-120)). Let r = 652 - 183. Calculate the highest common divisor of x and r.
67
Suppose -3*y + 5*s - 11 = 0, -3*s = -339*y + 341*y - 18. Calculate the highest common divisor of 2589 and y.
3
Suppose -2*m + 0 = 2, m - 5 = s. Let g be -1 - (0 + 366/s). What is the greatest common divisor of g and 600?
60
Suppose 59*h - 31 - 285 = 97. Suppose 6*i - 3*i = 357. What is the greatest common factor of h and i?
7
Suppose 2*q = -3*q - 540. Let r = 179 + q. Let i = -48 + r. What is the greatest common factor of 207 and i?
23
Suppose 43*v + 4*v - 235 = 0. Suppose v*i = -5*a + 80, 2*i - 10*a = -13*a + 36. Calculate the greatest common factor of i and 348.
12
Let k be 9/4 + -2 + 1380/(-80). Let x be 2*k/(-12) - 5/(-30). Let v be (-2)/4 + x/(-6)*-29. Calculate the greatest common divisor of 2 and v.
2
Let n(z) = 166*z - 13. Let o(h) = 252*h - 20. Let a(b) = 7*n(b) - 5*o(b). Let k be a(-2). Calculate the greatest common divisor of 41 and k.
41
Suppose 5*n = 86 + 49. Let p(z) = 2*z**3 - 4*z**2 + 13*z + 19. Let o = -498 - -502. Let y be p(o). Calculate the highest common factor of y and n.
27
Let d(o) = 7*o**2 - 15 - 17 + 61*o - 56*o. Let h be d(8). Calculate the greatest common divisor of 57 and h.
57
Suppose -p = -118 - 3. Let i be 25/(35/7) - -9. Suppose i*u = 96 + 58. What is the highest common factor of u and p?
11
Let j be 4/46 + (-2478)/(-69). Let x(m) = -m + 5. Let w be